llions digit of 7280155978?
2
What is the millions digit of 318151555?
8
What is the millions digit of 697232988?
7
What is the hundred millions digit of 3855625271?
8
What is the units digit of 2604412196?
6
What is the thousands digit of 52763938?
3
What is the billions digit of 1724622162?
1
What is the millions digit of 492213110?
2
What is the ten thousands digit of 67692572?
9
What is the thousands digit of 2320798140?
8
What is the tens digit of 57449171?
7
What is the millions digit of 1597306787?
7
What is the hundred millions digit of 1503961958?
5
What is the tens digit of 6315574?
7
What is the tens digit of 18443411?
1
What is the hundred millions digit of 6833019042?
8
What is the hundreds digit of 573925367?
3
What is the tens digit of 350380760?
6
What is the hundred millions digit of 886808280?
8
What is the thousands digit of 409101062?
1
What is the ten millions digit of 358968322?
5
What is the hundred thousands digit of 587075638?
0
What is the hundreds digit of 1545630839?
8
What is the hundred thousands digit of 57877000?
8
What is the ten thousands digit of 3938428150?
2
What is the ten millions digit of 3209272572?
0
What is the tens digit of 5832568702?
0
What is the thousands digit of 110197940?
7
What is the millions digit of 192229499?
2
What is the hundred thousands digit of 35417819?
4
What is the ten thousands digit of 229262609?
6
What is the ten millions digit of 188696117?
8
What is the hundred millions digit of 577157330?
5
What is the thousands digit of 28332435?
2
What is the hundred millions digit of 1639253526?
6
What is the ten millions digit of 1807565203?
0
What is the hundreds digit of 65935578?
5
What is the ten thousands digit of 538689816?
8
What is the hundreds digit of 201413715?
7
What is the tens digit of 110610227?
2
What is the hundred millions digit of 1388237401?
3
What is the ten thousands digit of 118121199?
2
What is the millions digit of 180872338?
0
What is the ten millions digit of 505688822?
0
What is the ten thousands digit of 4167759700?
5
What is the ten thousands digit of 2622001310?
0
What is the tens digit of 3302741544?
4
What is the ten thousands digit of 5647032789?
3
What is the hundred thousands digit of 398837950?
8
What is the tens digit of 816816569?
6
What is the hundred millions digit of 2433964937?
4
What is the ten thousands digit of 65487451?
8
What is the millions digit of 1167615?
1
What is the thousands digit of 4361654494?
4
What is the ten millions digit of 1382345517?
8
What is the hundred thousands digit of 39782865?
7
What is the hundred millions digit of 243893541?
2
What is the hundred millions digit of 1247586565?
2
What is the units digit of 7934141?
1
What is the hundreds digit of 2304413486?
4
What is the tens digit of 88330924?
2
What is the ten millions digit of 105589792?
0
What is the hundred thousands digit of 4150192414?
1
What is the tens digit of 157013465?
6
What is the hundred thousands digit of 720094748?
0
What is the billions digit of 2378717461?
2
What is the hundreds digit of 441137743?
7
What is the millions digit of 381515011?
1
What is the hundreds digit of 163821376?
3
What is the units digit of 425530329?
9
What is the millions digit of 2094039665?
4
What is the ten millions digit of 49658527?
4
What is the thousands digit of 1157202169?
2
What is the ten thousands digit of 20514158?
1
What is the thousands digit of 23478481?
8
What is the hundred thousands digit of 25431295?
4
What is the hundreds digit of 158269536?
5
What is the hundreds digit of 541005610?
6
What is the thousands digit of 24703723?
3
What is the units digit of 317168866?
6
What is the units digit of 94102318?
8
What is the ten millions digit of 1424552612?
2
What is the hundreds digit of 2711078110?
1
What is the units digit of 374952237?
7
What is the thousands digit of 74134060?
4
What is the hundreds digit of 18267380?
3
What is the thousands digit of 47765849?
5
What is the ten millions digit of 437808955?
3
What is the tens digit of 35981828?
2
What is the hundred thousands digit of 7230414984?
4
What is the ten millions digit of 2385195685?
8
What is the hundreds digit of 5856778616?
6
What is the ten thousands digit of 4629870321?
7
What is the ten thousands digit of 588277460?
7
What is the hundreds digit of 78952255?
2
What is the hundreds digit of 567705726?
7
What is the thousands digit of 109631557?
1
What is the units digit of 570528847?
7
What is the units digit of 19441284?
4
What is the ten thousands digit of 39892066?
9
What is the hundred thousands digit of 2064542243?
5
What is the tens digit of 4073678086?
8
What is the ten thousands digit of 83788203?
8
What is the thousands digit of 92674659?
4
What is the ten millions digit of 2626933321?
2
What is the units digit of 81856282?
2
What is the tens digit of 2687456?
5
What is the hundreds digit of 407760810?
8
What is the ten millions digit of 520717328?
2
What is the ten millions digit of 2703253777?
0
What is the hundred thousands digit of 938763406?
7
What is the millions digit of 1524918296?
4
What is the hundred thousands digit of 485087914?
0
What is the hundreds digit of 794669161?
1
What is the millions digit of 5553411?
5
What is the hundred millions digit of 1091794211?
0
What is the millions digit of 31307498?
1
What is the units digit of 7332986206?
6
What is the millions digit of 230684524?
0
What is the hundreds digit of 150691165?
1
What is the thousands digit of 10076449?
6
What is the ten millions digit of 197886273?
9
What is the billions digit of 5072106387?
5
What is the billions digit of 1398309745?
1
What is the hundred thousands digit of 500607870?
6
What is the hundred millions digit of 409466327?
4
What is the millions digit of 77038936?
7
What is the hundred thousands digit of 77385149?
3
What is the ten thousands digit of 25699612?
9
What is the hundreds digit of 102377294?
2
What is the units digit of 7681254390?
0
What is the billions digit of 1331019102?
1
What is the ten millions digit of 263372775?
6
What is the tens digit of 697453796?
9
What is the hundreds digit of 406589374?
3
What is the ten thousands digit of 37195400?
9
What is the thousands digit of 52936105?
6
What is the hundreds digit of 1836461176?
1
What is the hundreds digit of 39863745?
7
What is the billions digit of 1433255263?
1
What is the ten millions digit of 133154376?
3
What is the units digit of 4459604781?
1
What is the units digit of 26567598?
8
What is the thousands digit of 5639486341?
6
What is the millions digit of 34085215?
4
What is the units digit of 625558711?
1
What is the ten millions digit of 7475812667?
7
What is the units digit of 783232030?
0
What is the hundred millions digit of 2118475007?
1
What is the thousands digit of 304339235?
9
What is the hundred millions digit of 221999107?
2
What is the tens digit of 83958514?
1
What is the units digit of 11106260?
0
What is the millions digit of 161260920?
1
What is the units digit of 1156259833?
3
What is the hundred thousands digit of 1077081194?
0
What is the hundred millions digit of 252151299?
2
What is the hundreds digit of 128734733?
7
What is the units digit of 1064463987?
7
What is the hundreds digit of 254915028?
0
What is the millions digit of 72747853?
2
What is the ten thousands digit of 70577453?
7
What is the hundreds digit of 4115742837?
8
What is the millions digit of 43826522?
3
What is the millions digit of 210228788?
0
What is the hundred thousands digit of 33081105?
0
What is the thousands digit of 3603801217?
1
What is the ten thousands digit of 1321052538?
5
What is the millions digit of 97271236?
7
What is the thousands digit of 253168479?
8
What is the hundreds digit of 162795494?
4
What is the hundreds digit of 405410847?
8
What is the ten millions digit of 834101712?
3
What is the ten millions digit of 49812629?
4
What is the ten thousands digit of 41640881?
4
What is the ten thousands digit of 27335891?
3
What is the hundred thousands digit of 349031089?
0
What is the ten thousands digit of 999360573?
6
What is the millions digit of 686910284?
6
What is the ten thousands digit of 44046568?
4
What is the hundred millions digit of 1074083010?
0
What is the hundred thousands digit of 142787760?